- 21 = -5*n. Let s(h) = n - 2*h + h - 4. Determine s(5).
-6
Let v(j) be the first derivative of j**4/4 - 4*j**3/3 - 5*j**2/2 + 5*j + 8. Give v(5).
5
Let q(p) = 1 + 5*p**3 - 3*p + p**2 - 2*p + 0*p + 1. Let w(d) = -3*d**3 - d**2 + 3*d - 1. Let r(o) = -4*q(o) - 7*w(o). Give r(-3).
2
Let l(c) = c + 36*c**3 - 3 - 40*c**3 + 2*c**2 + 3. Let z be (-2)/8 + 3/(-4). Determine l(z).
5
Let y(t) = -t + 0*t**3 + t**2 - t**3 - 2*t + 2*t**3. Suppose -2*z - 14 = -0. Let a(d) = -d**2 - 7*d - 3. Let u be a(z). Calculate y(u).
-9
Let a(o) = o**3 - 2*o**2 - o - 1. Let r be a(3). Suppose -r*j = -15 - 0. Let l(p) = -p**2 - 2 + 0 + 2*p + j*p. What is l(5)?
-2
Let m(j) = 2*j**2 + 11. Let g(x) = -x**2 - 5. Let l(z) = -13*g(z) - 6*m(z). Calculate l(1).
0
Let k(p) = -p**2 - 4*p - 6. Let o(c) = c**2 - 11*c - 11. Let q be o(9). Let d = 57 + q. Suppose 3*t + d = -4*f - 0*f, 4*t + 16 = 0. Give k(f).
-6
Let f(h) = h**2. Let a(s) = s**3 - 3*s**2 - 2*s + 8. Let c(t) = a(t) - 3*f(t). What is c(6)?
-4
Let j(t) = -t**3 - 2*t**2 - 2*t + 1. Let h = -13 - -16. Let p be h/2*(-4)/3. Give j(p).
5
Suppose 5*x - 7*h = -3*h - 16, -2*x + 2*h - 8 = 0. Suppose -2*q + x + 4 = y, y = -q. Let z(d) = -d**2 - d + 4. What is z(y)?
-8
Let o(p) be the first derivative of -1/12*p**4 - 2 + 3*p - 3*p**2 + 7/6*p**3. Let l(j) be the first derivative of o(j). Give l(4).
6
Let j be 1 - (0 + 2) - (3 + -4). Let t(g) be the second derivative of -1/12*g**4 + 0*g**2 + j - 2*g - 1/3*g**3. Determine t(-4).
-8
Let b(v) = 0 - 1 - v + 6*v - 4*v. Give b(5).
4
Let d(g) = g**2 - 12*g + 11. Let t(m) = -m**2 - 9*m + 11. Let q be t(-9). Let k be d(q). Let o(x) = -x + 8. Calculate o(k).
8
Let m(q) be the third derivative of 1/6*q**3 + 0 + 0*q + 1/24*q**4 + q**2. What is m(-5)?
-4
Let n(h) = -h**2 + 7*h - 6. Let m be n(6). Suppose m = 2*g - g. Let b(j) = -j + 1 + 5 - 1 + j**2. What is b(g)?
5
Let j(u) = -2*u**2 - u - 1. Let p(t) be the third derivative of -t**5/15 - t**4/12 - t**3/6 - t**2. Let k(w) = 5*j(w) - 3*p(w). Calculate k(-2).
4
Let u(h) = h**2 + 7*h - 5. Let f = -10 - -3. What is u(f)?
-5
Let v(z) be the first derivative of z**3/3 - 4*z**2 - 12*z - 11. What is v(9)?
-3
Let j(u) = -u**3 + 2*u**2 - 2*u + 3. Suppose 0 = 3*r - 9, -2*r + 20 = 4*d + 2*r. Calculate j(d).
-1
Suppose 0 = -0*b - 3*b. Let k(v) = v**2 + 4. Give k(b).
4
Suppose -a = -5*y + y - 23, -y - 25 = -3*a. Let x(p) = -p + 7. Determine x(a).
0
Let k(z) be the second derivative of z**3/3 - 9*z**2/2 - 45*z. Calculate k(6).
3
Let u(p) = -p. Let z(c) = -c**3 - 10*c**2 + 3*c + 15. Let r(x) = -u(x) - z(x). Calculate r(-10).
5
Suppose -3*y = -5*n - 21, 0 = 5*y - 2*n - 8 - 8. Suppose 4*h - y*h = -6. Let p(i) = i**2 + i - 2. Calculate p(h).
4
Let w(n) = -n**3 - 5*n**2 - 6*n - 5. Let i(l) = l**2 + 6*l - 4. Let c be i(-7). Let y = c + -7. What is w(y)?
3
Let z = 11 - 17. Let v(o) = o**2 + 6*o + 2. Let u be v(z). Let p be (-2 - u/(-2)) + -2. Let f(w) = w**3 + 2*w**2 - 4*w - 3. Determine f(p).
0
Let i(n) be the second derivative of n**4/4 + n**3/3 + n**2 - 7*n. Determine i(-2).
10
Let y(n) = -n**3 - 3 - 7*n**2 + 1 + 10*n**2 + 3*n. Calculate y(3).
7
Let a(c) = -5*c**3 - 3 + 5*c**2 + 4 - 5*c**2 - c**2. Give a(1).
-5
Let x(r) be the third derivative of -r**5/60 - r**4/8 + r**3/2 + 10*r**2. Calculate x(-4).
-1
Let k be (-6 - 0)*(-1)/2. Let f = k - -1. Let s(b) = -b**3 + 3*b**2 + 2*b + 1. Calculate s(f).
-7
Let z = -19 - -16. Let j(f) = 4*f - 1. What is j(z)?
-13
Let x(z) be the third derivative of 1/6*z**3 - 1/60*z**5 - 2*z**2 + 0 + 0*z - 1/120*z**6 - 1/24*z**4. Let j be x(0). Let o(u) = -6*u + 1. Determine o(j).
-5
Let l(j) = 2*j**3 + j**2 - 2*j - 1. Let i be (1/3 + 1)*3/(-2). Calculate l(i).
-9
Let i(u) = -2*u + 10 - 4 + 3*u. Calculate i(-5).
1
Let i(b) = b + 7. Let l be i(-3). Suppose -5*j - p + 9 = -16, j - l*p = 5. Let n(x) = -x**3 + 3*x**2 + 6*x + 7. Determine n(j).
-13
Let q(s) be the second derivative of s**3/3 - 24*s. Determine q(-4).
-8
Let q(r) be the second derivative of -r**4/12 + r**3/6 - 2*r**2 - 6*r. Calculate q(0).
-4
Let k(n) = -3*n - n**3 + 12*n**2 - 12*n**2 - 5 + 3*n**2 + 2*n**2. Give k(4).
-1
Suppose 9*y - 4*y = 5. Let a(n) = -n - y + n - n. Give a(4).
-5
Let f be 2/(-7) - (-208)/91. Let r(s) be the first derivative of -5/3*s**3 - s**f + 2*s + 1/4*s**4 + 1. What is r(5)?
-8
Let j(v) = v**2 + 5*v - 4. Let g be j(-6). Suppose g*y - 4*z + 9 = -3, 5*z - 15 = -y. Let q(m) = -4 + 2*m - m - 5. Calculate q(y).
-9
Let c(m) = 17 - 35 + 2*m + 0*m + 17. Calculate c(-1).
-3
Let l(y) be the third derivative of y**4/12 - y**3/6 - 9*y**2. Calculate l(1).
1
Let j(c) = -c + 11. Let h(l) = 1. Let w(u) = -6*h(u) + j(u). Let s be w(3). Let m be (-7 + 7)*s/(-4). Let b(n) = -n - 6. Calculate b(m).
-6
Let v = 48 + -57. Let x(y) = y**2 + 9*y - 2. Give x(v).
-2
Let r(i) = i. Let u(m) = 5*m - 1. Let x(c) = -9*r(c) + 2*u(c). Let f = 12 - 6. Determine x(f).
4
Let z(c) = -c**2 + c + 2. Let n be z(0). Let m(t) = 0 - n*t + 2 - 2*t + t**2. Let l(r) = r + 5. Let y be l(0). Give m(y).
7
Let l(k) = -k**3 - 10*k**2 - 8*k + 13. Suppose 0 = 3*h - 4*y + 43, 8*h - 4*h + 40 = y. What is l(h)?
4
Let o = -7 - -22. Suppose -2*f = 3*f + o. Let h(p) = p**2 - p - 3. What is h(f)?
9
Let m(s) be the second derivative of 1/3*s**3 + 0 + 1/2*s**2 - 4*s - 1/6*s**4. Calculate m(-1).
-3
Let i(r) = -r - 10. Let v(y) = 1. Let o(t) = i(t) + 3*v(t). Determine o(-3).
-4
Let k(i) = -7 - 5*i + i**2 + 2 - i. Give k(6).
-5
Let k(m) = 2*m - 7. Let z(w) = w**2 + 7*w - 15. Let p be z(-11). Let y = 34 - p. Calculate k(y).
3
Let i(w) be the second derivative of w**3/3 + 2*w**2 - 16*w. Determine i(3).
10
Let y = -2 - -6. Let u(f) = 4*f**2 + 4*f + 2. Let c(z) = 3*z**2 + 4*z + 1. Suppose v + 3*v + 16 = 0. Let a(l) = v*u(l) + 5*c(l). Give a(y).
-3
Suppose -3*v + 4*v = 3. Let b(g) = 6*g + 3. Let q(u) = 5*u + 2. Let n(m) = 3*b(m) - 4*q(m). Give n(v).
-5
Let l(x) = -x + 4. Let g = 4 - -1. Let o = 3 - 1. Let s be (g - 2)*o/2. What is l(s)?
1
Let i(z) = z**3 - 5*z**2 + 5*z + 2. Suppose 0*w - 2*w = 14. Let t be (1 + w)*(-1)/3. Let q be t/(-2*1) + 5. Determine i(q).
6
Suppose -4*l = 5*s - 15 - 22, -3*s = 2*l - 21. Let i(g) be the first derivative of -6*g - 7/2*g**2 - 1/3*g**3 - l. What is i(-5)?
4
Let n(v) = -2 - 8 + 3*v**3 - 2*v**3 + 2. Determine n(0).
-8
Let b(g) = g**3 - g**2 - g - 1. Let u(y) be the third derivative of y**6/24 - 13*y**4/24 - y**3/3 - 3*y**2. Let l(r) = -6*b(r) + u(r). What is l(4)?
8
Suppose 2*h = h - 4. Let r(t) = -2 + 5*t + 2*t**3 + 5*t**2 - t - t**3 + 0*t**3. Calculate r(h).
-2
Let l = -43 + 81. Let h(b) = -40*b - 1 + l*b + 1. What is h(1)?
-2
Let n(d) = -2*d + 24. Let b(c) = c - 13. Let w(u) = 5*b(u) + 2*n(u). Determine w(8).
-9
Let g(z) = z**3 - 4*z**2 - 16*z + 15. Let q be g(6). Let x(o) = o**3 + 9*o**2 - 6. Determine x(q).
-6
Let p = -46 + 52. Let a(d) = -d**3 + 7*d**2 - 5*d - 3. What is a(p)?
3
Let y(f) be the third derivative of -3*f**4/8 - f**3/6 - 8*f**2. What is y(1)?
-10
Let p(b) = b**3 - 5*b**2 - 2*b + 3. Let y(r) = 9*r + 95. Let k be y(-10). What is p(k)?
-7
Let x(i) be the first derivative of i**4/2 + 3*i**2/2 - 3*i - 21. Give x(2).
19
Let y(k) be the third derivative of k**6/360 - k**5/15 + k**4/4 + 2*k**3/3 + 3*k**2. Let j(f) be the first derivative of y(f). Give j(6).
-6
Suppose 1 - 16 = -5*u. Suppose 2*g = -u*g + 10. Let p be g/(-5) + (-56)/35. Let h(i) = 4*i + 2. Calculate h(p).
-6
Let d(g) = -2*g - 2. Let i be (-39)/(-1)*(-5)/(-15). Suppose 2*z - 2*h = -28, 4*z + 35 = 2*h - i. Let u = 6 + z. Give d(u).
6
Let s(n) = -n**2 + 7*n - 4. Let w be s(6). Suppose 30 = 4*l - w. Suppose 0*x - 2*x = l. Let c(o) = -o**2 - 4*o - 6. Determine c(x).
-6
Let v(d) = d**3 - 2*d**2 - 17*d + 3. Let q be v(5). Let h(b) = b + 5. Calculate h(q).
-2
Let n be (-4)/(-22) - 84/(-22). Let r(v) = -v**2 + 8*v - 4. What is r(n)?
12
Let z(u) = 1 + 11*u**2 - u**3 - 12*u**2 + 0*u**3. Let i = 1 + 0. What is z(i)?
-1
Let b(a) = 4*a + 2. Let c be ((-18)/4)/(12/16). What is b(c)?
-22
Suppose -10 = -5*v - 3*x, -4*v + 8*x + 45 = 3*x. Let k(z) = 5*z + 2*z**2 + 0*z - 3*z**2 + 6. Calculate k(v).
6
Suppose -5*c + 4*a - 16 = -0*c, 12 = 3*a. Suppose c = -w - 2*w - 27. Let k be (2/6)/((-3)/w). Let z(b) = -2*b**2 - 1. Determine z(k).
-3
Let z = 7 - 4. Suppose 4*d + z*i = i - 10, 2 = d + 5*i. Let y(j) = j**2 + 4*j + 3. Determine y(d).
